alculate the greatest common divisor of r and c.
29
Suppose -2*r - 27 = -49. What is the highest common factor of 121 and r?
11
Suppose 4*v + v = r + 137, 2*v = 2*r + 50. Let i = -20 + v. Let h be 2/i + 207/36. Calculate the highest common factor of h and 3.
3
Suppose 13 = 3*b - 44. Calculate the highest common factor of 152 and b.
19
Suppose z + 3*z - 280 = 2*m, 0 = 5*z + 5*m - 350. Suppose -2*v + z = c + 2*c, -c = 5*v - 32. What is the greatest common factor of 33 and c?
11
Let m(b) = 0*b - b + b - b + 4. Let k be 4*-2*2/(-8). Let i be m(k). What is the greatest common factor of 22 and i?
2
Suppose 44 = -120*l + 121*l. What is the highest common factor of 220 and l?
44
Let k be 31 + (-3 - -11) - 2*2. Calculate the greatest common divisor of k and 455.
35
Suppose 6*k - 44 = 4*k. Calculate the greatest common factor of k and 176.
22
Let t = -29 - -299. Calculate the greatest common factor of t and 54.
54
Suppose 0 = g + 12 - 110. What is the greatest common factor of 2646 and g?
98
Let y be (2*1)/((-4)/(-144)). Let q(l) = 3*l**2 - 3*l + 3. Let t be q(2). What is the highest common factor of t and y?
9
Suppose -4*w - 4*u = -5 + 1, 3*u = 0. Suppose 0*y - 3*y + 58 = 5*p, 45 = 5*y - 2*p. What is the greatest common divisor of y and w?
1
Suppose 12*a - 97 - 959 = 0. What is the greatest common factor of 44 and a?
44
Let y = 13 + 25. Suppose -15*m = -2423 + 713. Calculate the greatest common divisor of y and m.
38
Let a be 10/(30/9) + -10 + 60. Calculate the highest common factor of a and 53.
53
Let m be 2/7 + (-32)/14. Suppose -22*y = -8*y - 56. Let j be 1/(y*m/(-1872)). What is the greatest common factor of j and 26?
26
Suppose -2*w + 2*l + 132 = 0, 5*w + 0*l - 328 = 4*l. Calculate the highest common factor of w and 48.
16
Let r be (-2)/(-4)*2*(-228)/(-2). What is the highest common divisor of 6 and r?
6
Let x be (78/(-4))/((-9)/6). Calculate the greatest common factor of 247 and x.
13
Let i = 1477 + -819. Calculate the greatest common divisor of i and 14.
14
Suppose -s - 3*r = -35, 0 = -3*s - 0*s - 3*r + 93. Let y = 40 - s. What is the highest common divisor of y and 121?
11
Let z(i) = 3*i + 246. Let p be z(-57). Calculate the greatest common factor of 1875 and p.
75
Let f(j) = -j - 10. Let n be f(-10). Let x be 21 + n/1 + -3. Suppose -1008 = -11*q + 4*q. Calculate the highest common divisor of q and x.
18
Let g(t) = 0*t + 0 + 6*t**2 + t + 5 - 4. Let h be g(-1). Let k = -6 - -18. Calculate the greatest common factor of k and h.
6
Let c be (-96)/3*1/(-2). Calculate the highest common divisor of c and 368.
16
Let l be 4/10 - (-36)/10. Suppose l*u = -464 + 1296. Suppose u = b + b. What is the greatest common divisor of b and 13?
13
Let q = 18 + -8. Let h be -3 + 0/3 - -309. Suppose 94 + h = 5*y. Calculate the greatest common divisor of y and q.
10
Let y = 4 + -2. Let n(l) = -l**3 + 3*l**2 + 5*l - 1. Let f be n(4). Suppose 0 = -4*u - f + 7. What is the greatest common divisor of u and y?
1
Let p = -97 - -138. Let u be p + (-2 - (1 - (1 - -4))). What is the greatest common divisor of 215 and u?
43
Let g be ((-3)/6)/(1/(-22)). Let y be (22/(-6))/((-11)/33). What is the highest common factor of y and g?
11
Let c(d) = -13*d + 29. Let g be c(-9). Calculate the greatest common factor of 803 and g.
73
Let o = 33 - 13. Let b be 3/36 - 359/(-12). What is the highest common factor of o and b?
10
Let l be 8*(0 + 18/8). Let q = l - -26. Suppose -6 - q = -2*x. What is the greatest common factor of 10 and x?
5
Suppose -3*t + 256 = 4*o, 0 = -3*t - 35*o + 39*o + 296. What is the highest common divisor of t and 1196?
92
Let n(t) = -136*t + 1. Let d be n(0). Calculate the highest common factor of d and 47.
1
Let g be (-7872)/(-40) + 0 + (-18)/(-15). What is the greatest common divisor of 72 and g?
18
Suppose -5*a - 3284 = -3*k + 3798, k - 2342 = -3*a. What is the greatest common divisor of k and 22?
22
Let a(g) = 4*g**2 - 5*g + 7. Let l be a(10). Let s = -114 + l. Calculate the greatest common factor of 27 and s.
27
Suppose 5*i = -1 - 14. Let s(f) = -2*f**3 - 3*f**2 + 5*f + 8. Let z be s(i). Suppose -13 + 213 = 5*h. What is the highest common divisor of h and z?
20
Let g(l) = -32*l + 306. Let z be g(8). What is the highest common factor of 150 and z?
50
Let m = -994 - -1698. Calculate the greatest common factor of m and 55.
11
Let c(x) = 9*x - 31. Let w be c(5). What is the highest common factor of w and 8?
2
Let s(q) = 22*q - 8. Let k(o) = -67*o + 22. Let r(d) = -3*k(d) - 8*s(d). Let a be r(1). Calculate the greatest common divisor of 1 and a.
1
Let q(w) = 3*w**2 + 6*w + 3. Let k be q(-2). Suppose -114 = -k*a + 2*t, 4*a + a = -2*t + 174. What is the highest common divisor of a and 12?
12
Suppose 617 = 12*q - 367. Calculate the greatest common divisor of q and 369.
41
Suppose -a - 32 = -86. Suppose 3*d + 0*d = 54. What is the greatest common divisor of d and a?
18
Let c(h) = -2*h + 3. Let d be c(-7). Suppose -4*f + 338 = 2*g - 3*g, -5*f + 2*g = -421. Calculate the highest common factor of f and d.
17
Let s(a) = a**3 + 7*a**2 - 8*a + 6. Let k(p) = -8*p. Let l be k(1). Let x be s(l). Suppose 3*f = -3*f + 108. What is the greatest common factor of f and x?
6
Suppose 4*g + 2*y - 706 = 0, -5*y - 167 = -4*g + 532. What is the highest common divisor of g and 121?
11
Suppose 8*v - 10*v = -528. Calculate the greatest common factor of 12 and v.
12
Suppose 5*g + 1420 = -500. Let b = 177 + g. Let n = b + 306. Calculate the highest common factor of 11 and n.
11
Let w(b) = 316*b + 995. Let o be w(11). What is the highest common factor of 17 and o?
17
Let j = 224 + -47. Let a = -105 + j. What is the highest common divisor of a and 9?
9
Let g be 0/2 + 32 + -1. Let j be (-3)/((0 - (-8)/(-992))/(3/12)). What is the greatest common factor of j and g?
31
Suppose -m - 736 = -3*m - 4*y, 2*m - y = 761. What is the highest common divisor of 84 and m?
42
Let x be 2/((-8)/(-46)) - (-3)/(-6). Let t be (-11 + 1)*(66/(-12))/x. What is the highest common divisor of 35 and t?
5
Suppose 15*t = 19*t + v - 77, 91 = 5*t + 3*v. Calculate the greatest common divisor of t and 380.
20
Let k be 3/(-2)*(7 + -13). Let h be (-40)/(-18) - 2/k. Suppose -6*c = -h*c - 132. Calculate the highest common factor of c and 3.
3
Suppose 2*d - 10 + 0 = 0. Let g(v) = v**2 + 16*v - 36. Let w be g(-18). Suppose w = -4*l + l + 15. What is the greatest common factor of l and d?
5
Let s = -9859 - -9954. Let a = -30 + 68. What is the greatest common factor of s and a?
19
Let q = 37 - 18. Let u = 24 - q. Calculate the greatest common divisor of u and 35.
5
Let x = -86 - -226. Suppose 4*d + 2*a - 196 = 0, x = 3*d + a - 9. Calculate the greatest common divisor of d and 357.
51
Let v(i) = 45*i - 47. Let s be v(3). What is the highest common factor of 33 and s?
11
Suppose 0 = 4*c + 15 + 5. Let b be (16/10 - 1) + (-67)/c. What is the highest common divisor of b and 14?
14
Suppose 0 = 3*f - 169 + 157. What is the highest common divisor of 128 and f?
4
Let h be ((-192)/(-8))/(3/4). What is the greatest common factor of h and 160?
32
Suppose 0 = -29*k - 2050 + 13360. What is the greatest common divisor of 60 and k?
30
Let b = 49 - 47. Let h be (b/5)/(3*1/225). What is the highest common factor of h and 75?
15
Let x(q) = -231*q**3 + 14*q**2 + q + 1. Let v be x(-1). What is the highest common divisor of v and 98?
49
Let y be (-3)/(-2) + (-77)/(-14). Suppose -5 - y = -4*q. Let g be 33 - (1 + -1)/q. What is the highest common factor of 363 and g?
33
Suppose -p = -2*p + 560. Let m = p - -364. Let x be 4/(-6) + m/9. Calculate the greatest common factor of x and 17.
17
Let l be (-420)/(-26) + (-222)/(-78) + -3. Suppose 2*f - 27 = 69. Calculate the highest common divisor of f and l.
16
Let j be 380/(-25)*1*(-10)/4. What is the greatest common divisor of j and 418?
38
Suppose -5*w - 3*p = -169, 3*w + 0*p = -2*p + 101. Suppose 5*z - 1 = 9. Let c be z/(-7) + 1340/w. Calculate the greatest common factor of 57 and c.
19
Let j(x) = x**2 + 12*x + 60. Let s be j(-6). What is the highest common divisor of s and 66?
6
Suppose -48 = -5*f + 12. Suppose -7*z + 6*z - 123 = -4*b, 3*z + 159 = 5*b. Calculate the highest common divisor of f and b.
6
Suppose -5*a + 1264 = -4*i, -a + i + 180 = -73. Calculate the greatest common factor of a and 28.
28
Let z(o) 